 in base 7?
-163241
What is 568817 (base 12) in base 3?
2121021220101
Convert 220019 (base 11) to base 3.
122212000222
-20590 (base 15) to base 10
-102510
Convert -2132421332 (base 5) to base 12.
-1648503
What is 31241410 (base 5) in base 12?
105a58
244a8 (base 16) to base 10
148648
Convert -154127 (base 15) to base 2.
-11111010100011010110
-1504a (base 11) to base 9
-32252
What is 716552 (base 9) in base 15?
85ca5
Convert 11011001011101010111 (base 2) to base 14.
192863
Convert 7a886 (base 11) to base 14.
30831
What is -5656 (base 9) in base 7?
-15123
What is 115692a (base 11) in base 15?
29c034
Convert -101ea (base 16) to base 3.
-10100120102
Convert -32870200 (base 9) to base 16.
-f3139e
What is -332022031 (base 4) in base 7?
-2110201
-176da02 (base 14) to base 10
-11562434
What is -1011112212112 (base 3) in base 9?
-1145775
-24548 (base 13) to base 4
-100103333
What is 65407 (base 8) in base 11?
19649
What is 33c52b (base 13) in base 6?
42143400
What is 101100001010111 (base 2) in base 14?
8355
Convert bb0305 (base 14) to base 6.
343512145
Convert 2610134 (base 8) to base 16.
b105c
12a16 (base 11) to base 3
221102022
What is -6707e (base 15) in base 6?
-11004102
What is 2ea670 (base 16) in base 9?
5668700
What is -1111001110100001 (base 2) in base 13?
-22508
Convert 1c220 (base 16) to base 2.
11100001000100000
Convert -203514 (base 8) to base 10.
-67404
-733203 (base 8) to base 12
-b8997
-74040 (base 9) to base 12
-24353
Convert 21303330030 (base 4) to base 7.
30601446
Convert 110113133 (base 4) to base 9.
136382
Convert -15561 (base 14) to base 5.
-3200301
Convert -30110324 (base 5) to base 3.
-110002202202
What is 117f7e (base 16) in base 6?
40325010
What is -13310313 (base 4) in base 10?
-32055
What is 4855633 (base 10) in base 6?
252023441
What is 8a7872 (base 11) in base 5?
332221212
Convert 199454 (base 10) to base 11.
126942
Convert 61ab0 (base 14) to base 8.
713532
What is 1001111101000101000011 (base 2) in base 12?
a5a143
Convert -120211011 (base 3) to base 4.
-2310031
What is -27d6b (base 15) in base 9?
-214402
Convert -12533631 (base 7) to base 6.
-40402400
What is 21102100221200 (base 3) in base 11?
2254092
Convert -137996 (base 10) to base 11.
-94751
Convert 23050103 (base 6) to base 3.
1022212221110
228e27 (base 16) to base 15
2eaee5
-1110000111110011 (base 2) to base 10
-57843
What is 2527f7 (base 16) in base 11?
1413554
-5b666 (base 16) to base 4
-1123121212
Convert 54594 (base 11) to base 5.
10013422
-16c343 (base 16) to base 12
-5bb36b
5211504 (base 6) to base 15
4e36d
-10120201012011 (base 3) to base 11
-1090198
What is 7403bb (base 13) in base 11?
1594043
Convert -11546108 (base 9) to base 5.
-2420442422
Convert -21781264 (base 9) to base 12.
-3655627
Convert -31b86d (base 14) to base 16.
-19b119
What is -708248 (base 13) in base 10?
-2617025
What is -870f30 (base 16) in base 10?
-8851248
2004032 (base 5) to base 4
13300113
What is -210bb0 (base 12) in base 11?
-325853
Convert 50a0 (base 13) to base 16.
2b6b
Convert -18815 (base 14) to base 4.
-33020003
What is 10101110111010011001011 (base 2) in base 10?
5731531
-78930 (base 11) to base 10
-114257
-1066431 (base 7) to base 2
-100000110010111011
What is 2112121212 (base 3) in base 6?
1023335
-32001330 (base 4) to base 9
-86743
What is -31633052 (base 7) in base 13?
-7359b6
Convert -53d0d (base 14) to base 15.
-4019d
-220312234 (base 5) to base 4
-3213121223
Convert 9082e (base 15) to base 13.
1302bc
17035 (base 14) to base 16
e147
-130024144 (base 5) to base 14
-1245d5
-13043557 (base 8) to base 11
-1702245
42177373 (base 8) to base 11
5082484
What is -1b458 (base 16) in base 12?
-54788
Convert 11011212211 (base 3) to base 10.
82291
Convert -35def (base 16) to base 5.
-24030110
-5cac96 (base 16) to base 2
-10111001010110010010110
What is 39da90 (base 14) in base 8?
7474256
What is -64b59a (base 14) in base 10?
-3411908
Convert -15231522 (base 7) to base 5.
-333000314
-198164 (base 16) to base 15
-2303ee
-2052552 (base 7) to base 12
-bb813
156841 (base 10) to base 2
100110010010101001
What is 131232423 (base 5) in base 16?
9e799
What is 120330302 (base 4) in base 15?
2042e
-332213314 (base 5) to base 11
-8a7586
-109000 (base 11) to base 15
-36405
Convert 34340103 (base 5) to base 2.
1001011011000101010
What is -3e64d9 (base 15) in base 8?
-13363345
What is 19d245 (base 14) in base 16?
e088d
What is -25e09 (base 16) in base 8?
-457011
12abc39 (base 13) to base 10
5881248
-313104110 (base 5) to base 9
-2401883
What is 1212121021100 (base 3) in base 6?
33203100
What is 1a930 (base 16) in base 3?
12112022102
Convert -12431067 (base 9) to base 14.
-b4bd44
Convert -10100010110101000 (base 2) to base 13.
-2bc3c
Convert -61103203 (base 8) to base 11.
-72a7609
85db2 (base 16) to base 10
548274
What is -3013212 (base 5) in base 12?
-238a4
What is 23434 (base 7) in base 4?
1132210
What is 491108 (base 10) in base 3?
220221200012
-4a7521 (base 11) to base 9
-1450140
Convert -444165 (base 10) to base 13.
-127227
-5723570 (base 9) to base 12
-104a099
-2753147 (base 8) to base 5
-144311113
What is 6516221 (base 8) in base 15?
246b2c
6a21e (base 15) to base 6
11124415
-2135412 (base 6) to base 10
-106208
Convert -1202645 (base 9) to base 14.
-12d616
What is -6712127 (base 8) in base 7?
-21235345
What is -1650444 (base 7) in base 8?
-702504
What is -1000001100100001100000 (base 2) in base 15?
-2c689d
1685408 (base 9) to base 11
593986
What is -25415727 (base 9) in base 3?
-212110112210221
444402245 (base 6) to base 4
132232322111
Convert 2222102221210 (base 3) to base 7.
16313124
What is -300043413 (base 5) in base 8?
-4366512
What is 2303cb (base 13) in base 12?
33b867
Convert -144003100 (base 5) to base 11.
-483587
What is -3112101101 (base 4) in base 7?
-10313513
What is 29013 (base 16) in base 8?
510023
What is 51180 (base 16) in base 14?
8909a
What is 57a851 (base 14) in base 12?
100079b
What is 728070 (base 12) in base 3?
10101022022010
201110020002 (base 3) to base 16
5d7a9
What is -4134 (base 7) in base 8?
-2646
Convert -699c4 (base 13) to base 14.
-503ac
Convert -222230 (base 4) to base 5.
-41412
Convert -210131202 (base 4) to base 11.
-a222a
What is -51124454 (base 8) in base 12?
-3744ab8
Convert -1609221 (base 10) to base 5.
-402443341
-1311221213 (base 4) to base 11
-2aa067
dc87 (base 14) to base 3
1221022201
Convert -26e8 (base 16) to base 2.
-10011011101000
Convert -11010000011100111 (base 2) to base 15.
-21952
What is 1636610 (base 8) in base 14?
c4cd2
-112442341 (base 5) to base 7
-4244316
What is -150804a (base 11) in base 10?
-2587518
-423a6 (base 11) to base 4
-33010021
Convert 103031 (base 8) to base 12.
17a49
1969 (base 15) to base 5
133444
331053 (base 7) to base 13
2052c
What is -4270868 (base 11) in base 10?
-7511875
Convert 180de (base 16) to base 2.
11000000011011110
Convert 3611431 (base 7) to base 15.
90501
What is -10022220020 (base 3) in base 8?
-177777
27721 (base 8) to base 16
2fd1
What is d560 (base 14) in base 8?
107600
10120202121 (base 3) to base 13
26152
Convert 4890562 (base 10) to base 8.
22517702
322c6 (base 15) to base 5
20044021
281014a (base 11) to base 6
251512442
Convert 101101111100000100000010 (base 2) to base 14.
1856946
Convert 43b1003 (base 12) to base 5.
11301422014
Convert -12052035 (base 6) to base 8.
-1346427
What is -2d4845 (base 16) in base 8?
-13244105
-18181a8 (base 11) to base 12
-1049709
Convert 1001000111101100000101 (base 2) to base 7.
26215142
Convert 1265102 (base 11) to base 7.
24412563
What is -26c1 (base 13) in base 5?
-134230
-1010101000011000000001 (base 2) to base 5
-1203134232
What is -1001000110001111110 (base 2) in base 6?
-10220050
e5bf (base 16) to base 6
1132143
Convert -1772e1 (base 16) to base 9.
-2802005
Convert 40232100 (base 5) to base 15.
65135
3120443 (base 5) to base 7
302530
What is 418685 (base 9) in base 11?
160212
-115477 (base 8) to base 16
-9b3f
What is 200233011 (base 4) in base 8?
405705
What is -11c3ea (base 15) in base 7?
-10144126
46550154 (base 7) to base 15
55da49
-310c1 (base 15) to base 3
-21220012201
134425 (base 10) to base 2
100000110100011001
What is 10020121120201 (base 3) in base 8?
6450135
445812 (base 13) to base 3
10000212221010
Convert -297355 (base 14) to base 15.
-1d7093
Wh